ose 2580 = 6*g - 384. List the prime factors of g.
2, 13, 19
Suppose 6*n = -2164 + 20116. List the prime factors of (-6)/4*n/(-24).
11, 17
Let v(u) = -u**2 - u + 223. Let h be v(0). Suppose t = -6*i + 5*i + h, t - 901 = -4*i. What are the prime factors of i?
2, 113
Suppose -27*j - p - 8794 = -30*j, 10 = 2*p. What are the prime factors of j?
7, 419
Let c = -18 + 20. Let z(d) = c*d + 12*d - 16 + 2*d - 12*d. List the prime factors of z(8).
2
Suppose 12 = 4*f + 4. Suppose -f*l - 470 = -5*d - 72, -401 = -5*d - l. What are the prime factors of d?
2, 5
Let h be (3/(-4))/(4/(-32)). Suppose -414 = -h*n - 90. List the prime factors of n.
2, 3
Suppose -585*a = -580*a - 4200. List the prime factors of a.
2, 3, 5, 7
Let p be ((-2)/(-3))/(8/36). Suppose 5*k + p*x = 270, -83 = -2*k + 3*x + 4. List the prime factors of k.
3, 17
Suppose -1078 = 3*k - 5*k. List the prime factors of k.
7, 11
Suppose -415*d + 409*d = -3936. List the prime factors of d.
2, 41
Suppose 4*n - 3 = 1, 5*w - 409 = -4*n. Suppose 12 = -q + 2*s + w, 138 = 2*q - 3*s. Suppose -2*l + q + 9 = 0. List the prime factors of l.
3, 13
Let v be (0 + 4)*(-2 + 1). Let i be v*(-2)/(-4) - 2. What are the prime factors of (2/i)/(5/(-180))?
2, 3
Let c = -562 + 999. List the prime factors of c.
19, 23
Let r(m) be the third derivative of -m**5/60 - 13*m**4/24 + m**3/6 + 2*m**2. Suppose f + 5*p + 16 = 0, 4*f - 2*p = -23 + 3. What are the prime factors of r(f)?
43
Let t(a) = -a**2 + 9*a - 8. Let b be t(8). Suppose b = -v + 10 - 3. List the prime factors of (v - 9/(-3))/2.
5
Let b = 6 - 3. Let t = -54 - -129. Suppose -b*a = h - 83, 2*a - t = -a - 3*h. What are the prime factors of a?
29
Suppose 0 = -2*k - k + q + 1088, -1454 = -4*k - 2*q. Let f = 587 - k. List the prime factors of f.
2, 7
Let m be (-2)/(-5)*(-5)/(-1). Suppose -5*d + 5 = 0, m*d + 21 = 5*s - 27. Suppose -z - x + 11 = 2*x, -s = 2*x. List the prime factors of z.
2, 13
Suppose 9*c = 5*c + 8. Suppose 3 = -l, i + l - c*l - 20 = 0. Let x = i + -2. List the prime factors of x.
3, 5
Suppose 0*z - 124 = -z. Suppose -c + 7 - 3 = 0. Suppose 0 = 4*j - z + c. List the prime factors of j.
2, 3, 5
What are the prime factors of -3 + 4 + -3 + 428 + -2?
2, 53
Suppose -w + 499 = -1122. List the prime factors of w.
1621
What are the prime factors of 115455/1505 + -2*1/(-7)?
7, 11
Let j(v) = 0 - 15*v + 0 - v**2 + 6. Let i be j(-14). Let m = i + -9. List the prime factors of m.
11
Let k = 237 + -162. Let w = 112 - k. What are the prime factors of w?
37
Let a be -3 + 5 - (0 - 210). Suppose 4*m = -4*t + 208, 4*t + 0*m = -3*m + a. Suppose -j + t = j. List the prime factors of j.
2, 7
Let k be (-2460)/(-45)*6/(-4). List the prime factors of 4 + (-2 - k - 0).
2, 3, 7
Suppose 7*a - 1860 = -3*a. What are the prime factors of 1 + a + (2 - 4) + 6?
191
Suppose 23*u - 2142 = 9*u. List the prime factors of u.
3, 17
List the prime factors of 116*(5 + (4 - (-34)/8)).
29, 53
Suppose -5*k - 5*v + 1381 = -8929, -2*k - 4*v + 4128 = 0. What are the prime factors of k?
2, 5, 103
Let c be 2/11 - (-75)/11. Suppose -2*w + c*w - 25 = 0. Suppose -w*r = -2 - 43. List the prime factors of r.
3
List the prime factors of ((-18071)/102)/(3/(-18)).
1063
Suppose -2 = -4*f + 6. Suppose -2*k = 2*z - 96, 2*z - f*k = 153 - 41. What are the prime factors of z?
2, 13
Let b = 417 + -282. Suppose d - 72 = -2*u, -b = -5*u - d + 45. Suppose -14 = -2*m + u. List the prime factors of m.
5
Let a be 90/12*(0 + (-8)/(-6)). Suppose 0 = n + a*n - 198. List the prime factors of n.
2, 3
Suppose 3*m + m - 155 = -5*h, -31 = -h + 2*m. Suppose -36 = -k - 3*x, 4*k + x - 91 = h. What are the prime factors of k?
2, 3, 5
Suppose 0 = -62*q + 75*q - 195. What are the prime factors of q?
3, 5
Suppose 14*n + 9 = 11*n, 0 = -2*d + 3*n + 707. List the prime factors of d.
349
What are the prime factors of (((-1755)/26)/27)/((-5)/9404)?
2, 2351
Suppose 13161 = 5*f - 4*p, -10*p + 13*p = -3*f + 7875. What are the prime factors of f?
11, 239
Suppose 20*c - 38619 = 37381. What are the prime factors of c?
2, 5, 19
Suppose 2*m + 2*m = 8. Suppose 0*o - s = -m*o + 7, s + 25 = 5*o. Let w = o - 0. List the prime factors of w.
2, 3
Suppose 0 = 9*d - 11558 - 367. List the prime factors of d.
5, 53
Suppose 1 = -d + 9. List the prime factors of 3/((-39)/(-986)) + d/52.
2, 19
Let j(x) = x**2 + 19*x - 6. List the prime factors of j(5).
2, 3, 19
Let q = 33 - -47. Let u be q/6*(-189)/(-28). Suppose u = 5*n - 0*n. What are the prime factors of n?
2, 3
Let s(l) = -5*l**3 - 36*l**2 - 66*l + 10. List the prime factors of s(-13).
3, 641
Suppose -2508 = 12*c - 18*c. What are the prime factors of c?
2, 11, 19
Suppose -16*o + 4627 + 829 = 0. What are the prime factors of o?
11, 31
Suppose 0 = -3*l - 5*k + 27, 0*k = 2*l - 4*k - 18. Suppose 0 = 4*z - l*z + 85. Suppose -r + 18 = u + 5, r - z = -2*u. What are the prime factors of r?
3
What are the prime factors of 8/12*(-9534)/(-4)?
7, 227
Let d(j) = -2*j**2 - 6*j + 2. Let s be d(-3). List the prime factors of 1 - -283 - (-8)/s.
2, 3
Suppose 1200 = 4*w - 10172. List the prime factors of w.
2843
Suppose -k = 2 + 1, 3*d = 2*k + 21. Suppose -3*j - d*w = -0*j + 4955, -4*j - w - 6635 = 0. What are the prime factors of (-4)/18 - j/180?
3
Let f = 23 - 32. Let r(u) = 3*u**2 + 3 - 12*u - 5*u**2 + u**2 + 0*u**2. What are the prime factors of r(f)?
2, 3, 5
List the prime factors of (24/(-72))/(1/(-438)).
2, 73
Let b(n) = 2*n**2 + 3*n + 1. Let v be b(-6). Let t(g) = -2*g + 13. Let w be t(4). Suppose w*c - v = -0*c. What are the prime factors of c?
11
Let o be 1/((3 + -12)/63). Let w(j) = j. Let y(k) = k + 15. Let n(p) = -2*w(p) + y(p). What are the prime factors of n(o)?
2, 11
Let i be 3/2*96/3. Let w be 13 + 282/18 + (-2)/3. Suppose 0 = -i*d + 44*d + w. What are the prime factors of d?
7
Let k(q) = -299*q**2 - 1 + q - q**3 + 4*q**3 + 297*q**2. Suppose 4*v + 5*d - 3 + 20 = 0, 6 = -2*v - 2*d. List the prime factors of k(v).
17
Suppose -193 - 527 = -2*u. Suppose 0 = -38*c + 41*c - u. What are the prime factors of c?
2, 3, 5
Suppose 0 = -5*b, z - 4*b + b - 637 = 0. Suppose -618 - 21 = -4*d + 3*l, -4*d + z = -l. List the prime factors of d.
3, 53
Let j(a) = a. Let t be j(2). Suppose 3*f + 19 = 2*q + 6, 16 = t*q - 4*f. Suppose -3*z = -7*r + 2*r + 175, -2*r - q*z + 70 = 0. What are the prime factors of r?
5, 7
Suppose -65*n + 23*n + 69594 = 0. What are the prime factors of n?
1657
Let l = 1165 + -680. Suppose -q = 3*q + g - 409, -4*g = -5*q + l. What are the prime factors of q?
101
Let f be 264/(-36) + 8/6. Let t be (4 - 4/f)*18. Suppose -2*k + t = 5*k. List the prime factors of k.
2, 3
Let a(c) = -4 - 1 + 3 + 1 + 4*c - 5*c**2. Let q be a(3). Let m = q - -47. What are the prime factors of m?
13
Let m(u) = -3481*u - 100. List the prime factors of m(-1).
3, 7, 23
Suppose -2*q + 3 = 4*i + 19, 2*i - 40 = 5*q. Let g(d) = -d - 10. Let y be g(q). List the prime factors of (y - -20)/(10/35).
3, 7
Let g be (-2 + -1)*((-192)/18 - -1). Suppose 2*o = 2*i - 18, -o + 2*o = -5*i + 69. Let p = g - i. What are the prime factors of p?
2
List the prime factors of -51*(126/(-27))/7.
2, 17
Let s(d) = d**3 + 10*d**2 + 2*d + 2. Let q be s(-10). What are the prime factors of (-2 - 1) + 9/(q/(-220))?
107
Let o be 15/(-6)*24/(-10). Let q(k) = 9*k. Let x be q(o). Suppose -4*w = -w - x. List the prime factors of w.
2, 3
Suppose 0 = -5*m + 6*m - v - 722, -5*m + 3631 = 2*v. Suppose d - 5*d + m = -3*n, 547 = 3*d + n. List the prime factors of d.
2, 7, 13
Suppose -8*s + 5*s + 1738 = 5*p, -5*s + 2880 = 5*p. List the prime factors of s.
571
Suppose y + 33 = -3*o - 2*y, o + 3*y + 19 = 0. Let c(d) = -d**3 - 7*d**2 + d + 10. Let r be c(o). What are the prime factors of -2 - -94*r/6?
3, 5
What are the prime factors of (-2 + 0)/(5 + (-49749)/9947)?
7, 29
Let y = 3104 - 1571. Suppose -27*v + 20*v + y = 0. What are the prime factors of v?
3, 73
Suppose 21*u = -30*u + 16320. What are the prime factors of u?
2, 5
Let p be (1 + 3/(-6))/((-2)/256). Let u = -45 - p. What are the prime factors of u?
19
Suppose -2*s + 7 = -3. Suppose -5*f + 0*j = -s*j - 280, 2*j = 4*f - 234. What are the prime factors of f?
61
Let i(x) = x**3 - 7*x**2 + 12*x + 3. Let f be i(7). Suppose 0 = w - 5*b - f, 2*w - 6*w - 3*b = -394. List the prime factors of w.
97
What are the prime factors of (-